{"id":1753,"date":"2024-08-13T00:22:13","date_gmt":"2024-08-13T00:22:13","guid":{"rendered":"https:\/\/ancib.org\/sites\/enancib2024\/?page_id=1753"},"modified":"2024-08-13T00:38:26","modified_gmt":"2024-08-13T00:38:26","slug":"espacos-culturais-em-vila-velha","status":"publish","type":"page","link":"https:\/\/ancib.org\/sites\/enancib2024\/index.php\/espacos-culturais-em-vila-velha\/","title":{"rendered":"Espa\u00e7os Culturais em Vila Velha"},"content":{"rendered":"<div data-colibri-id=\"1753-c1\" class=\"style-1775 style-local-1753-c1 position-relative\">\n  <!---->\n  <div data-colibri-component=\"section\" data-colibri-id=\"1753-c2\" id=\"custom\" class=\"h-section h-section-global-spacing d-flex align-items-lg-center align-items-md-center align-items-center style-1776 style-local-1753-c2 position-relative\">\n    <!---->\n    <!---->\n    <div class=\"h-section-grid-container h-section-boxed-container\">\n      <!---->\n      <div data-colibri-id=\"1753-c5\" class=\"h-row-container gutters-row-lg-2 gutters-row-md-2 gutters-row-0 gutters-row-v-lg-2 gutters-row-v-md-2 gutters-row-v-2 style-1779 style-local-1753-c5 position-relative\">\n        <!---->\n        <div class=\"h-row justify-content-lg-center justify-content-md-center justify-content-center align-items-lg-stretch align-items-md-stretch align-items-stretch gutters-col-lg-2 gutters-col-md-2 gutters-col-0 gutters-col-v-lg-2 gutters-col-v-md-2 gutters-col-v-2\">\n          <!---->\n          <div class=\"h-column h-column-container d-flex h-col-lg-auto h-col-md-auto h-col-auto style-1780-outer style-local-1753-c6-outer\">\n            <div data-colibri-id=\"1753-c6\" class=\"d-flex h-flex-basis h-column__inner h-px-lg-2 h-px-md-2 h-px-2 v-inner-lg-2 v-inner-md-2 v-inner-2 style-1780 style-local-1753-c6 position-relative\">\n              <!---->\n              <!---->\n              <div class=\"w-100 h-y-container h-column__content h-column__v-align flex-basis-100 align-self-lg-start align-self-md-start align-self-start\">\n                <!---->\n                <div data-colibri-id=\"1753-c7\" class=\"h-global-transition-all h-heading style-1781 style-local-1753-c7 position-relative h-element\">\n                  <!---->\n                  <div class=\"h-heading__outer style-1781 style-local-1753-c7\">\n                    <!---->\n                    <!---->\n                    <h3 class=\"\">Vila Velha<\/h3>\n                  <\/div>\n                <\/div>\n              <\/div>\n            <\/div>\n          <\/div>\n        <\/div>\n      <\/div>\n    <\/div>\n  <\/div>\n  <div data-colibri-component=\"section\" data-colibri-id=\"1753-c8\" id=\"custom-2\" class=\"h-section h-section-global-spacing d-flex align-items-lg-center align-items-md-center align-items-center style-1782 style-local-1753-c8 position-relative\">\n    <!---->\n    <!---->\n    <div class=\"h-section-grid-container h-section-boxed-container\">\n      <!---->\n      <div data-colibri-id=\"1753-c11\" class=\"h-row-container gutters-row-lg-1 gutters-row-md-1 gutters-row-0 gutters-row-v-lg-1 gutters-row-v-md-1 gutters-row-v-1 style-1785 style-local-1753-c11 position-relative\">\n        <!---->\n        <div class=\"h-row justify-content-lg-center justify-content-md-center justify-content-center align-items-lg-stretch align-items-md-stretch align-items-stretch gutters-col-lg-1 gutters-col-md-1 gutters-col-0 gutters-col-v-lg-1 gutters-col-v-md-1 gutters-col-v-1\">\n          <!---->\n          <div class=\"h-column h-column-container d-flex h-col-lg-auto h-col-md-auto h-col-auto style-1786-outer style-local-1753-c12-outer\">\n            <div data-colibri-id=\"1753-c12\" class=\"d-flex h-flex-basis h-column__inner h-px-lg-2 h-px-md-2 h-px-2 v-inner-lg-2 v-inner-md-2 v-inner-2 style-1786 style-local-1753-c12 position-relative\">\n              <!---->\n              <!---->\n              <div class=\"w-100 h-y-container h-column__content h-column__v-align flex-basis-100 align-self-lg-start align-self-md-start align-self-start\">\n                <!---->\n                <div data-colibri-id=\"1753-c13\" class=\"h-global-transition-all h-heading style-1787 style-local-1753-c13 position-relative h-element\">\n                  <!---->\n                  <div class=\"h-heading__outer style-1787 style-local-1753-c13\">\n                    <!---->\n                    <!---->\n                    <h3 class=\"\">Bibliotecas P\u00fablicas<\/h3>\n                  <\/div>\n                <\/div>\n              <\/div>\n            <\/div>\n          <\/div>\n        <\/div>\n      <\/div>\n      <div data-colibri-id=\"1753-c14\" class=\"h-row-container gutters-row-lg-2 gutters-row-md-2 gutters-row-0 gutters-row-v-lg-2 gutters-row-v-md-2 gutters-row-v-2 style-1788 style-local-1753-c14 position-relative\">\n        <!---->\n        <div class=\"h-row justify-content-lg-center justify-content-md-center justify-content-center align-items-lg-stretch align-items-md-stretch align-items-stretch gutters-col-lg-2 gutters-col-md-2 gutters-col-0 gutters-col-v-lg-2 gutters-col-v-md-2 gutters-col-v-2\">\n          <!---->\n          <div class=\"h-column h-column-container d-flex h-col-lg-auto h-col-md-auto h-col-auto style-1789-outer style-local-1753-c15-outer\">\n            <div data-colibri-id=\"1753-c15\" class=\"d-flex h-flex-basis h-column__inner h-px-lg-2 h-px-md-2 h-px-2 v-inner-lg-2 v-inner-md-2 v-inner-2 style-1789 style-local-1753-c15 position-relative\">\n              <!---->\n              <!---->\n              <div class=\"w-100 h-y-container h-column__content h-column__v-align flex-basis-100 align-self-lg-start align-self-md-start align-self-start\">\n                <!---->\n                <div data-colibri-id=\"1753-c16\" class=\"h-global-transition-all h-heading style-1790 style-local-1753-c16 position-relative h-element\">\n                  <!---->\n                  <div class=\"h-heading__outer style-1790 style-local-1753-c16\">\n                    <!---->\n                    <!---->\n                    <h4 class=\"\">Biblioteca P\u00fablica Municipal de Vila Velha &#8220;Major Fraguinha&#8221;<\/h4>\n                  <\/div>\n                <\/div>\n                <div data-colibri-id=\"1753-c23\" class=\"h-text h-text-component style-1796 style-local-1753-c23 position-relative h-element\">\n                  <!---->\n                  <!---->\n                  <div class=\"\">\n                    <p>Pra\u00e7a Frei Pedro Pal\u00e1cios, s\/n &#8211; Prainha<\/p>\n                    <p>(27) 3388-4208<\/p>\n                    <p>Hor\u00e1rio: segunda a sexta-feira das 8h \u00e0s 17h<\/p>\n                  <\/div>\n                <\/div>\n              <\/div>\n            <\/div>\n          <\/div>\n        <\/div>\n      <\/div>\n    <\/div>\n  <\/div>\n  <div data-colibri-component=\"section\" data-colibri-id=\"1753-c24\" id=\"custom-3\" class=\"h-section h-section-global-spacing d-flex align-items-lg-center align-items-md-center align-items-center style-1797 style-local-1753-c24 position-relative\">\n    <!---->\n    <!---->\n    <div class=\"h-section-grid-container h-section-boxed-container\">\n      <!---->\n      <div data-colibri-id=\"1753-c27\" class=\"h-row-container gutters-row-lg-1 gutters-row-md-1 gutters-row-0 gutters-row-v-lg-1 gutters-row-v-md-1 gutters-row-v-1 style-1800 style-local-1753-c27 position-relative\">\n        <!---->\n        <div class=\"h-row justify-content-lg-center justify-content-md-center justify-content-center align-items-lg-stretch align-items-md-stretch align-items-stretch gutters-col-lg-1 gutters-col-md-1 gutters-col-0 gutters-col-v-lg-1 gutters-col-v-md-1 gutters-col-v-1\">\n          <!---->\n          <div class=\"h-column h-column-container d-flex h-col-lg-auto h-col-md-auto h-col-auto style-1801-outer style-local-1753-c28-outer\">\n            <div data-colibri-id=\"1753-c28\" class=\"d-flex h-flex-basis h-column__inner h-px-lg-2 h-px-md-2 h-px-2 v-inner-lg-2 v-inner-md-2 v-inner-2 style-1801 style-local-1753-c28 position-relative\">\n              <!---->\n              <!---->\n              <div class=\"w-100 h-y-container h-column__content h-column__v-align flex-basis-100 align-self-lg-start align-self-md-start align-self-start\">\n                <!---->\n                <div data-colibri-id=\"1753-c29\" class=\"h-global-transition-all h-heading style-1802 style-local-1753-c29 position-relative h-element\">\n                  <!---->\n                  <div class=\"h-heading__outer style-1802 style-local-1753-c29\">\n                    <!---->\n                    <!---->\n                    <h3 class=\"\">Museus<\/h3>\n                  <\/div>\n                <\/div>\n              <\/div>\n            <\/div>\n          <\/div>\n        <\/div>\n      <\/div>\n      <div data-colibri-id=\"1753-c30\" class=\"h-row-container gutters-row-lg-2 gutters-row-md-2 gutters-row-0 gutters-row-v-lg-2 gutters-row-v-md-2 gutters-row-v-2 style-1803 style-local-1753-c30 position-relative\">\n        <!---->\n        <div class=\"h-row justify-content-lg-center justify-content-md-center justify-content-center align-items-lg-stretch align-items-md-stretch align-items-stretch gutters-col-lg-2 gutters-col-md-2 gutters-col-0 gutters-col-v-lg-2 gutters-col-v-md-2 gutters-col-v-2\">\n          <!---->\n          <div class=\"h-column h-column-container d-flex h-col-lg-auto h-col-md-auto h-col-auto style-1804-outer style-local-1753-c31-outer\">\n            <div data-colibri-id=\"1753-c31\" class=\"d-flex h-flex-basis h-column__inner h-px-lg-2 h-px-md-2 h-px-2 v-inner-lg-2 v-inner-md-2 v-inner-2 style-1804 style-local-1753-c31 position-relative\">\n              <!---->\n              <!---->\n              <div class=\"w-100 h-y-container h-column__content h-column__v-align flex-basis-100 align-self-lg-start align-self-md-start align-self-start\">\n                <!---->\n                <div data-colibri-id=\"1753-c32\" class=\"h-global-transition-all h-heading style-1805 style-local-1753-c32 position-relative h-element\">\n                  <!---->\n                  <div class=\"h-heading__outer style-1805 style-local-1753-c32\">\n                    <!---->\n                    <!---->\n                    <h4 class=\"\">Casa da Mem\u00f3ria<\/h4>\n                  <\/div>\n                <\/div>\n                <div data-colibri-id=\"1753-c33\" class=\"h-text h-text-component style-1806 style-local-1753-c33 position-relative h-element\">\n                  <!---->\n                  <!---->\n                  <div class=\"\">\n                    <p>Av. Luciano das Neves, 17 &#8211; Prainha<\/p>\n                    <p>(27) 3149-7335<\/p>\n                    <p>Hor\u00e1rio: ter\u00e7a a domingo das 08h30 \u00e0s 17h30<\/p>\n                  <\/div>\n                <\/div>\n                <div data-colibri-id=\"1753-c34\" class=\"h-icon style-1808 style-local-1753-c34 position-relative h-element\">\n                  <!---->\n                  <a href=\"https:\/\/www.instagram.com\/ihgvv_oficial\/\" target=\"_blank\" h-use-smooth-scroll=\"true\" rel=\"noopener\"><span class=\"h-svg-icon h-icon__icon style-1808-icon style-local-1753-c34-icon\"><!--Icon by Font Awesome (https:\/\/fontawesome.com)-->\n    <svg version=\"1.1\" xmlns=\"http:\/\/www.w3.org\/2000\/svg\" xmlns:xlink=\"http:\/\/www.w3.org\/1999\/xlink\" id=\"instagram\" viewBox=\"0 0 1536 1896.0833\">\n      <path d=\"M1024 896q0-106-75-181t-181-75-181 75-75 181 75 181 181 75 181-75 75-181zm138 0q0 164-115 279t-279 115-279-115-115-279 115-279 279-115 279 115 115 279zm108-410q0 38-27 65t-65 27-65-27-27-65 27-65 65-27 65 27 27 65zM768 266q-7 0-76.5-.5t-105.5 0-96.5 3-103 10T315 297q-50 20-88 58t-58 88q-11 29-18.5 71.5t-10 103-3 96.5 0 105.5.5 76.5-.5 76.5 0 105.5 3 96.5 10 103T169 1349q20 50 58 88t88 58q29 11 71.5 18.5t103 10 96.5 3 105.5 0 76.5-.5 76.5.5 105.5 0 96.5-3 103-10 71.5-18.5q50-20 88-58t58-88q11-29 18.5-71.5t10-103 3-96.5 0-105.5-.5-76.5.5-76.5 0-105.5-3-96.5-10-103T1367 443q-20-50-58-88t-88-58q-29-11-71.5-18.5t-103-10-96.5-3-105.5 0-76.5.5zm768 630q0 229-5 317-10 208-124 322t-322 124q-88 5-317 5t-317-5q-208-10-322-124T5 1213q-5-88-5-317t5-317q10-208 124-322t322-124q88-5 317-5t317 5q208 10 322 124t124 322q5 88 5 317z\"><\/path>\n    <\/svg><\/span><\/a>\n                <\/div>\n              <\/div>\n            <\/div>\n          <\/div>\n        <\/div>\n      <\/div>\n    <\/div>\n  <\/div>\n<\/div>","protected":false},"excerpt":{"rendered":"<p>Vila Velha Bibliotecas P\u00fablicas Biblioteca P\u00fablica Municipal de Vila Velha &#8220;Major Fraguinha&#8221; Pra\u00e7a Frei Pedro Pal\u00e1cios, s\/n &#8211; Prainha (27) 3388-4208 Hor\u00e1rio: segunda a sexta-feira das 8h \u00e0s 17h Museus [&hellip;]<\/p>\n","protected":false},"author":2,"featured_media":0,"parent":0,"menu_order":0,"comment_status":"closed","ping_status":"closed","template":"page-templates\/full-width-page.php","meta":{"footnotes":""},"class_list":["post-1753","page","type-page","status-publish","hentry"],"_links":{"self":[{"href":"https:\/\/ancib.org\/sites\/enancib2024\/index.php\/wp-json\/wp\/v2\/pages\/1753","targetHints":{"allow":["GET"]}}],"collection":[{"href":"https:\/\/ancib.org\/sites\/enancib2024\/index.php\/wp-json\/wp\/v2\/pages"}],"about":[{"href":"https:\/\/ancib.org\/sites\/enancib2024\/index.php\/wp-json\/wp\/v2\/types\/page"}],"author":[{"embeddable":true,"href":"https:\/\/ancib.org\/sites\/enancib2024\/index.php\/wp-json\/wp\/v2\/users\/2"}],"replies":[{"embeddable":true,"href":"https:\/\/ancib.org\/sites\/enancib2024\/index.php\/wp-json\/wp\/v2\/comments?post=1753"}],"version-history":[{"count":2,"href":"https:\/\/ancib.org\/sites\/enancib2024\/index.php\/wp-json\/wp\/v2\/pages\/1753\/revisions"}],"predecessor-version":[{"id":1758,"href":"https:\/\/ancib.org\/sites\/enancib2024\/index.php\/wp-json\/wp\/v2\/pages\/1753\/revisions\/1758"}],"wp:attachment":[{"href":"https:\/\/ancib.org\/sites\/enancib2024\/index.php\/wp-json\/wp\/v2\/media?parent=1753"}],"curies":[{"name":"wp","href":"https:\/\/api.w.org\/{rel}","templated":true}]}}

Espaços Culturais em Vila Velha

<div data-colibri-id="1753-c1" class="style-1775 style-local-1753-c1 position-relative">
  <!---->
  <div data-colibri-component="section" data-colibri-id="1753-c2" id="custom" class="h-section h-section-global-spacing d-flex align-items-lg-center align-items-md-center align-items-center style-1776 style-local-1753-c2 position-relative">
    <!---->
    <!---->
    <div class="h-section-grid-container h-section-boxed-container">
      <!---->
      <div data-colibri-id="1753-c5" class="h-row-container gutters-row-lg-2 gutters-row-md-2 gutters-row-0 gutters-row-v-lg-2 gutters-row-v-md-2 gutters-row-v-2 style-1779 style-local-1753-c5 position-relative">
        <!---->
        <div class="h-row justify-content-lg-center justify-content-md-center justify-content-center align-items-lg-stretch align-items-md-stretch align-items-stretch gutters-col-lg-2 gutters-col-md-2 gutters-col-0 gutters-col-v-lg-2 gutters-col-v-md-2 gutters-col-v-2">
          <!---->
          <div class="h-column h-column-container d-flex h-col-lg-auto h-col-md-auto h-col-auto style-1780-outer style-local-1753-c6-outer">
            <div data-colibri-id="1753-c6" class="d-flex h-flex-basis h-column__inner h-px-lg-2 h-px-md-2 h-px-2 v-inner-lg-2 v-inner-md-2 v-inner-2 style-1780 style-local-1753-c6 position-relative">
              <!---->
              <!---->
              <div class="w-100 h-y-container h-column__content h-column__v-align flex-basis-100 align-self-lg-start align-self-md-start align-self-start">
                <!---->
                <div data-colibri-id="1753-c7" class="h-global-transition-all h-heading style-1781 style-local-1753-c7 position-relative h-element">
                  <!---->
                  <div class="h-heading__outer style-1781 style-local-1753-c7">
                    <!---->
                    <!---->
                    <h3 class="">Vila Velha</h3>
                  </div>
                </div>
              </div>
            </div>
          </div>
        </div>
      </div>
    </div>
  </div>
  <div data-colibri-component="section" data-colibri-id="1753-c8" id="custom-2" class="h-section h-section-global-spacing d-flex align-items-lg-center align-items-md-center align-items-center style-1782 style-local-1753-c8 position-relative">
    <!---->
    <!---->
    <div class="h-section-grid-container h-section-boxed-container">
      <!---->
      <div data-colibri-id="1753-c11" class="h-row-container gutters-row-lg-1 gutters-row-md-1 gutters-row-0 gutters-row-v-lg-1 gutters-row-v-md-1 gutters-row-v-1 style-1785 style-local-1753-c11 position-relative">
        <!---->
        <div class="h-row justify-content-lg-center justify-content-md-center justify-content-center align-items-lg-stretch align-items-md-stretch align-items-stretch gutters-col-lg-1 gutters-col-md-1 gutters-col-0 gutters-col-v-lg-1 gutters-col-v-md-1 gutters-col-v-1">
          <!---->
          <div class="h-column h-column-container d-flex h-col-lg-auto h-col-md-auto h-col-auto style-1786-outer style-local-1753-c12-outer">
            <div data-colibri-id="1753-c12" class="d-flex h-flex-basis h-column__inner h-px-lg-2 h-px-md-2 h-px-2 v-inner-lg-2 v-inner-md-2 v-inner-2 style-1786 style-local-1753-c12 position-relative">
              <!---->
              <!---->
              <div class="w-100 h-y-container h-column__content h-column__v-align flex-basis-100 align-self-lg-start align-self-md-start align-self-start">
                <!---->
                <div data-colibri-id="1753-c13" class="h-global-transition-all h-heading style-1787 style-local-1753-c13 position-relative h-element">
                  <!---->
                  <div class="h-heading__outer style-1787 style-local-1753-c13">
                    <!---->
                    <!---->
                    <h3 class="">Bibliotecas Públicas</h3>
                  </div>
                </div>
              </div>
            </div>
          </div>
        </div>
      </div>
      <div data-colibri-id="1753-c14" class="h-row-container gutters-row-lg-2 gutters-row-md-2 gutters-row-0 gutters-row-v-lg-2 gutters-row-v-md-2 gutters-row-v-2 style-1788 style-local-1753-c14 position-relative">
        <!---->
        <div class="h-row justify-content-lg-center justify-content-md-center justify-content-center align-items-lg-stretch align-items-md-stretch align-items-stretch gutters-col-lg-2 gutters-col-md-2 gutters-col-0 gutters-col-v-lg-2 gutters-col-v-md-2 gutters-col-v-2">
          <!---->
          <div class="h-column h-column-container d-flex h-col-lg-auto h-col-md-auto h-col-auto style-1789-outer style-local-1753-c15-outer">
            <div data-colibri-id="1753-c15" class="d-flex h-flex-basis h-column__inner h-px-lg-2 h-px-md-2 h-px-2 v-inner-lg-2 v-inner-md-2 v-inner-2 style-1789 style-local-1753-c15 position-relative">
              <!---->
              <!---->
              <div class="w-100 h-y-container h-column__content h-column__v-align flex-basis-100 align-self-lg-start align-self-md-start align-self-start">
                <!---->
                <div data-colibri-id="1753-c16" class="h-global-transition-all h-heading style-1790 style-local-1753-c16 position-relative h-element">
                  <!---->
                  <div class="h-heading__outer style-1790 style-local-1753-c16">
                    <!---->
                    <!---->
                    <h4 class="">Biblioteca Pública Municipal de Vila Velha &#8220;Major Fraguinha&#8221;</h4>
                  </div>
                </div>
                <div data-colibri-id="1753-c23" class="h-text h-text-component style-1796 style-local-1753-c23 position-relative h-element">
                  <!---->
                  <!---->
                  <div class="">
                    <p>Praça Frei Pedro Palácios, s/n &#8211; Prainha</p>
                    <p>(27) 3388-4208</p>
                    <p>Horário: segunda a sexta-feira das 8h às 17h</p>
                  </div>
                </div>
              </div>
            </div>
          </div>
        </div>
      </div>
    </div>
  </div>
  <div data-colibri-component="section" data-colibri-id="1753-c24" id="custom-3" class="h-section h-section-global-spacing d-flex align-items-lg-center align-items-md-center align-items-center style-1797 style-local-1753-c24 position-relative">
    <!---->
    <!---->
    <div class="h-section-grid-container h-section-boxed-container">
      <!---->
      <div data-colibri-id="1753-c27" class="h-row-container gutters-row-lg-1 gutters-row-md-1 gutters-row-0 gutters-row-v-lg-1 gutters-row-v-md-1 gutters-row-v-1 style-1800 style-local-1753-c27 position-relative">
        <!---->
        <div class="h-row justify-content-lg-center justify-content-md-center justify-content-center align-items-lg-stretch align-items-md-stretch align-items-stretch gutters-col-lg-1 gutters-col-md-1 gutters-col-0 gutters-col-v-lg-1 gutters-col-v-md-1 gutters-col-v-1">
          <!---->
          <div class="h-column h-column-container d-flex h-col-lg-auto h-col-md-auto h-col-auto style-1801-outer style-local-1753-c28-outer">
            <div data-colibri-id="1753-c28" class="d-flex h-flex-basis h-column__inner h-px-lg-2 h-px-md-2 h-px-2 v-inner-lg-2 v-inner-md-2 v-inner-2 style-1801 style-local-1753-c28 position-relative">
              <!---->
              <!---->
              <div class="w-100 h-y-container h-column__content h-column__v-align flex-basis-100 align-self-lg-start align-self-md-start align-self-start">
                <!---->
                <div data-colibri-id="1753-c29" class="h-global-transition-all h-heading style-1802 style-local-1753-c29 position-relative h-element">
                  <!---->
                  <div class="h-heading__outer style-1802 style-local-1753-c29">
                    <!---->
                    <!---->
                    <h3 class="">Museus</h3>
                  </div>
                </div>
              </div>
            </div>
          </div>
        </div>
      </div>
      <div data-colibri-id="1753-c30" class="h-row-container gutters-row-lg-2 gutters-row-md-2 gutters-row-0 gutters-row-v-lg-2 gutters-row-v-md-2 gutters-row-v-2 style-1803 style-local-1753-c30 position-relative">
        <!---->
        <div class="h-row justify-content-lg-center justify-content-md-center justify-content-center align-items-lg-stretch align-items-md-stretch align-items-stretch gutters-col-lg-2 gutters-col-md-2 gutters-col-0 gutters-col-v-lg-2 gutters-col-v-md-2 gutters-col-v-2">
          <!---->
          <div class="h-column h-column-container d-flex h-col-lg-auto h-col-md-auto h-col-auto style-1804-outer style-local-1753-c31-outer">
            <div data-colibri-id="1753-c31" class="d-flex h-flex-basis h-column__inner h-px-lg-2 h-px-md-2 h-px-2 v-inner-lg-2 v-inner-md-2 v-inner-2 style-1804 style-local-1753-c31 position-relative">
              <!---->
              <!---->
              <div class="w-100 h-y-container h-column__content h-column__v-align flex-basis-100 align-self-lg-start align-self-md-start align-self-start">
                <!---->
                <div data-colibri-id="1753-c32" class="h-global-transition-all h-heading style-1805 style-local-1753-c32 position-relative h-element">
                  <!---->
                  <div class="h-heading__outer style-1805 style-local-1753-c32">
                    <!---->
                    <!---->
                    <h4 class="">Casa da Memória</h4>
                  </div>
                </div>
                <div data-colibri-id="1753-c33" class="h-text h-text-component style-1806 style-local-1753-c33 position-relative h-element">
                  <!---->
                  <!---->
                  <div class="">
                    <p>Av. Luciano das Neves, 17 &#8211; Prainha</p>
                    <p>(27) 3149-7335</p>
                    <p>Horário: terça a domingo das 08h30 às 17h30</p>
                  </div>
                </div>
                <div data-colibri-id="1753-c34" class="h-icon style-1808 style-local-1753-c34 position-relative h-element">
                  <!---->
                  <a href="https://www.instagram.com/ihgvv_oficial/" target="_blank" h-use-smooth-scroll="true" rel="noopener"><span class="h-svg-icon h-icon__icon style-1808-icon style-local-1753-c34-icon"><!--Icon by Font Awesome (https://fontawesome.com)-->
    <svg version="1.1" xmlns="http://www.w3.org/2000/svg" xmlns:xlink="http://www.w3.org/1999/xlink" id="instagram" viewBox="0 0 1536 1896.0833">
      <path d="M1024 896q0-106-75-181t-181-75-181 75-75 181 75 181 181 75 181-75 75-181zm138 0q0 164-115 279t-279 115-279-115-115-279 115-279 279-115 279 115 115 279zm108-410q0 38-27 65t-65 27-65-27-27-65 27-65 65-27 65 27 27 65zM768 266q-7 0-76.5-.5t-105.5 0-96.5 3-103 10T315 297q-50 20-88 58t-58 88q-11 29-18.5 71.5t-10 103-3 96.5 0 105.5.5 76.5-.5 76.5 0 105.5 3 96.5 10 103T169 1349q20 50 58 88t88 58q29 11 71.5 18.5t103 10 96.5 3 105.5 0 76.5-.5 76.5.5 105.5 0 96.5-3 103-10 71.5-18.5q50-20 88-58t58-88q11-29 18.5-71.5t10-103 3-96.5 0-105.5-.5-76.5.5-76.5 0-105.5-3-96.5-10-103T1367 443q-20-50-58-88t-88-58q-29-11-71.5-18.5t-103-10-96.5-3-105.5 0-76.5.5zm768 630q0 229-5 317-10 208-124 322t-322 124q-88 5-317 5t-317-5q-208-10-322-124T5 1213q-5-88-5-317t5-317q10-208 124-322t322-124q88-5 317-5t317 5q208 10 322 124t124 322q5 88 5 317z"></path>
    </svg></span></a>
                </div>
              </div>
            </div>
          </div>
        </div>
      </div>
    </div>
  </div>
</div>

<p>Vila Velha Bibliotecas Públicas Biblioteca Pública Municipal de Vila Velha &#8220;Major Fraguinha&#8221; Praça Frei Pedro Palácios, s/n &#8211; Prainha (27) 3388-4208 Horário: segunda a sexta-feira das 8h às 17h Museus [&hellip;]</p>
