{"id":2254,"date":"2024-10-10T21:59:05","date_gmt":"2024-10-10T21:59:05","guid":{"rendered":"https:\/\/ancib.org\/sites\/enancib2024\/?page_id=2254"},"modified":"2024-10-10T22:08:18","modified_gmt":"2024-10-10T22:08:18","slug":"pontos-turisticos-em-serra","status":"publish","type":"page","link":"https:\/\/ancib.org\/sites\/enancib2024\/index.php\/pontos-turisticos-em-serra\/","title":{"rendered":"Pontos Tur\u00edsticos em Serra"},"content":{"rendered":"<div data-colibri-id=\"2254-c1\" class=\"style-1942 style-local-2254-c1 position-relative\">\n  <!---->\n  <div data-colibri-component=\"section\" data-colibri-id=\"2254-c2\" id=\"custom\" class=\"h-section h-section-global-spacing d-flex align-items-lg-center align-items-md-center align-items-center style-1943 style-local-2254-c2 position-relative\">\n    <!---->\n    <!---->\n    <div class=\"h-section-grid-container h-section-boxed-container\">\n      <!---->\n      <div data-colibri-id=\"2254-c3\" class=\"h-row-container gutters-row-lg-2 gutters-row-md-2 gutters-row-0 gutters-row-v-lg-2 gutters-row-v-md-2 gutters-row-v-2 style-1944 style-local-2254-c3 position-relative\">\n        <!---->\n        <div class=\"h-row justify-content-lg-center justify-content-md-center justify-content-center align-items-lg-stretch align-items-md-stretch align-items-stretch gutters-col-lg-2 gutters-col-md-2 gutters-col-0 gutters-col-v-lg-2 gutters-col-v-md-2 gutters-col-v-2\">\n          <!---->\n          <div class=\"h-column h-column-container d-flex h-col-lg-auto h-col-md-auto h-col-auto style-1945-outer style-local-2254-c4-outer\">\n            <div data-colibri-id=\"2254-c4\" class=\"d-flex h-flex-basis h-column__inner h-px-lg-2 h-px-md-2 h-px-2 v-inner-lg-2 v-inner-md-2 v-inner-2 style-1945 style-local-2254-c4 position-relative\">\n              <!---->\n              <!---->\n              <div class=\"w-100 h-y-container h-column__content h-column__v-align flex-basis-100 align-self-lg-start align-self-md-start align-self-start\">\n                <!---->\n                <div data-colibri-id=\"2254-c5\" class=\"h-global-transition-all h-heading style-1946 style-local-2254-c5 position-relative h-element\">\n                  <!---->\n                  <div class=\"h-heading__outer style-1946 style-local-2254-c5\">\n                    <!---->\n                    <!---->\n                    <h3 class=\"\">Serra<\/h3>\n                  <\/div>\n                <\/div>\n              <\/div>\n            <\/div>\n          <\/div>\n        <\/div>\n      <\/div>\n    <\/div>\n  <\/div>\n  <div data-colibri-component=\"section\" data-colibri-id=\"2254-c6\" id=\"custom-2\" class=\"h-section h-section-global-spacing d-flex align-items-lg-center align-items-md-center align-items-center style-1947 style-local-2254-c6 position-relative\">\n    <!---->\n    <!---->\n    <div class=\"h-section-grid-container h-section-boxed-container\">\n      <!---->\n      <div data-colibri-id=\"2254-c7\" class=\"h-row-container gutters-row-lg-2 gutters-row-md-2 gutters-row-0 gutters-row-v-lg-2 gutters-row-v-md-2 gutters-row-v-2 style-1950 style-local-2254-c7 position-relative\">\n        <!---->\n        <div class=\"h-row justify-content-lg-center justify-content-md-center justify-content-center align-items-lg-stretch align-items-md-stretch align-items-stretch gutters-col-lg-2 gutters-col-md-2 gutters-col-0 gutters-col-v-lg-2 gutters-col-v-md-2 gutters-col-v-2\">\n          <!---->\n          <div class=\"h-column h-column-container d-flex h-col-lg-auto h-col-md-auto h-col-auto style-1951-outer style-local-2254-c8-outer\">\n            <div data-colibri-id=\"2254-c8\" class=\"d-flex h-flex-basis h-column__inner h-px-lg-2 h-px-md-2 h-px-2 v-inner-lg-2 v-inner-md-2 v-inner-2 style-1951 style-local-2254-c8 position-relative\">\n              <!---->\n              <!---->\n              <div class=\"w-100 h-y-container h-column__content h-column__v-align flex-basis-100 align-self-lg-start align-self-md-start align-self-start\">\n                <!---->\n                <div data-colibri-id=\"2254-c9\" class=\"h-global-transition-all h-heading style-1952 style-local-2254-c9 position-relative h-element\">\n                  <!---->\n                  <div class=\"h-heading__outer style-1952 style-local-2254-c9\">\n                    <!---->\n                    <!---->\n                    <h4 class=\"\">Ru\u00ednas da Igreja de S\u00e3o Jos\u00e9 do Queimado<\/h4>\n                  <\/div>\n                <\/div>\n              <\/div>\n            <\/div>\n          <\/div>\n        <\/div>\n      <\/div>\n      <div data-colibri-id=\"2254-c10\" class=\"h-row-container gutters-row-lg-1 gutters-row-md-1 gutters-row-0 gutters-row-v-lg-1 gutters-row-v-md-1 gutters-row-v-1 style-1956 style-local-2254-c10 position-relative\">\n        <!---->\n        <div class=\"h-row justify-content-lg-center justify-content-md-center justify-content-center align-items-lg-stretch align-items-md-stretch align-items-stretch gutters-col-lg-1 gutters-col-md-1 gutters-col-0 gutters-col-v-lg-1 gutters-col-v-md-1 gutters-col-v-1\">\n          <!---->\n          <div class=\"h-column h-column-container d-flex h-col-lg-auto h-col-md-auto h-col-auto style-1957-outer style-local-2254-c11-outer\">\n            <div data-colibri-id=\"2254-c11\" class=\"d-flex h-flex-basis h-column__inner h-px-lg-1 h-px-md-1 h-px-1 v-inner-lg-1 v-inner-md-1 v-inner-1 style-1957 style-local-2254-c11 position-relative\">\n              <!---->\n              <!---->\n              <div class=\"w-100 h-y-container h-column__content h-column__v-align flex-basis-100 align-self-lg-start align-self-md-start align-self-start\">\n                <!---->\n                <div data-colibri-id=\"2254-c12\" class=\"h-text h-text-component style-1955 style-local-2254-c12 position-relative h-element\">\n                  <!---->\n                  <!---->\n                  <div class=\"\">\n                    <p>Localizado no S\u00edtio Hist\u00f3rico S\u00e3o Jos\u00e9 do Queimado, em Serra Sede<\/p>\n                    <p>&nbsp;(27) 3636 7120<\/p>\n                    <p>Hor\u00e1rio:&nbsp;ter\u00e7a a sexta-feira das 7h \u00e0s 19h, s\u00e1bado das 7h40 \u00e0s 18h50 e domingo das 8h \u00e0s 18h30<\/p>\n                  <\/div>\n                <\/div>\n              <\/div>\n            <\/div>\n          <\/div>\n        <\/div>\n      <\/div>\n    <\/div>\n  <\/div>\n<\/div>","protected":false},"excerpt":{"rendered":"<p>Serra Ru\u00ednas da Igreja de S\u00e3o Jos\u00e9 do Queimado Localizado no S\u00edtio Hist\u00f3rico S\u00e3o Jos\u00e9 do Queimado, em Serra Sede &nbsp;(27) 3636 7120 Hor\u00e1rio:&nbsp;ter\u00e7a a sexta-feira das 7h \u00e0s 19h, [&hellip;]<\/p>\n","protected":false},"author":2,"featured_media":0,"parent":0,"menu_order":0,"comment_status":"closed","ping_status":"closed","template":"page-templates\/full-width-page.php","meta":{"footnotes":""},"class_list":["post-2254","page","type-page","status-publish","hentry"],"_links":{"self":[{"href":"https:\/\/ancib.org\/sites\/enancib2024\/index.php\/wp-json\/wp\/v2\/pages\/2254","targetHints":{"allow":["GET"]}}],"collection":[{"href":"https:\/\/ancib.org\/sites\/enancib2024\/index.php\/wp-json\/wp\/v2\/pages"}],"about":[{"href":"https:\/\/ancib.org\/sites\/enancib2024\/index.php\/wp-json\/wp\/v2\/types\/page"}],"author":[{"embeddable":true,"href":"https:\/\/ancib.org\/sites\/enancib2024\/index.php\/wp-json\/wp\/v2\/users\/2"}],"replies":[{"embeddable":true,"href":"https:\/\/ancib.org\/sites\/enancib2024\/index.php\/wp-json\/wp\/v2\/comments?post=2254"}],"version-history":[{"count":3,"href":"https:\/\/ancib.org\/sites\/enancib2024\/index.php\/wp-json\/wp\/v2\/pages\/2254\/revisions"}],"predecessor-version":[{"id":2274,"href":"https:\/\/ancib.org\/sites\/enancib2024\/index.php\/wp-json\/wp\/v2\/pages\/2254\/revisions\/2274"}],"wp:attachment":[{"href":"https:\/\/ancib.org\/sites\/enancib2024\/index.php\/wp-json\/wp\/v2\/media?parent=2254"}],"curies":[{"name":"wp","href":"https:\/\/api.w.org\/{rel}","templated":true}]}}

Pontos Turísticos em Serra

<div data-colibri-id="2254-c1" class="style-1942 style-local-2254-c1 position-relative">
  <!---->
  <div data-colibri-component="section" data-colibri-id="2254-c2" id="custom" class="h-section h-section-global-spacing d-flex align-items-lg-center align-items-md-center align-items-center style-1943 style-local-2254-c2 position-relative">
    <!---->
    <!---->
    <div class="h-section-grid-container h-section-boxed-container">
      <!---->
      <div data-colibri-id="2254-c3" class="h-row-container gutters-row-lg-2 gutters-row-md-2 gutters-row-0 gutters-row-v-lg-2 gutters-row-v-md-2 gutters-row-v-2 style-1944 style-local-2254-c3 position-relative">
        <!---->
        <div class="h-row justify-content-lg-center justify-content-md-center justify-content-center align-items-lg-stretch align-items-md-stretch align-items-stretch gutters-col-lg-2 gutters-col-md-2 gutters-col-0 gutters-col-v-lg-2 gutters-col-v-md-2 gutters-col-v-2">
          <!---->
          <div class="h-column h-column-container d-flex h-col-lg-auto h-col-md-auto h-col-auto style-1945-outer style-local-2254-c4-outer">
            <div data-colibri-id="2254-c4" class="d-flex h-flex-basis h-column__inner h-px-lg-2 h-px-md-2 h-px-2 v-inner-lg-2 v-inner-md-2 v-inner-2 style-1945 style-local-2254-c4 position-relative">
              <!---->
              <!---->
              <div class="w-100 h-y-container h-column__content h-column__v-align flex-basis-100 align-self-lg-start align-self-md-start align-self-start">
                <!---->
                <div data-colibri-id="2254-c5" class="h-global-transition-all h-heading style-1946 style-local-2254-c5 position-relative h-element">
                  <!---->
                  <div class="h-heading__outer style-1946 style-local-2254-c5">
                    <!---->
                    <!---->
                    <h3 class="">Serra</h3>
                  </div>
                </div>
              </div>
            </div>
          </div>
        </div>
      </div>
    </div>
  </div>
  <div data-colibri-component="section" data-colibri-id="2254-c6" id="custom-2" class="h-section h-section-global-spacing d-flex align-items-lg-center align-items-md-center align-items-center style-1947 style-local-2254-c6 position-relative">
    <!---->
    <!---->
    <div class="h-section-grid-container h-section-boxed-container">
      <!---->
      <div data-colibri-id="2254-c7" class="h-row-container gutters-row-lg-2 gutters-row-md-2 gutters-row-0 gutters-row-v-lg-2 gutters-row-v-md-2 gutters-row-v-2 style-1950 style-local-2254-c7 position-relative">
        <!---->
        <div class="h-row justify-content-lg-center justify-content-md-center justify-content-center align-items-lg-stretch align-items-md-stretch align-items-stretch gutters-col-lg-2 gutters-col-md-2 gutters-col-0 gutters-col-v-lg-2 gutters-col-v-md-2 gutters-col-v-2">
          <!---->
          <div class="h-column h-column-container d-flex h-col-lg-auto h-col-md-auto h-col-auto style-1951-outer style-local-2254-c8-outer">
            <div data-colibri-id="2254-c8" class="d-flex h-flex-basis h-column__inner h-px-lg-2 h-px-md-2 h-px-2 v-inner-lg-2 v-inner-md-2 v-inner-2 style-1951 style-local-2254-c8 position-relative">
              <!---->
              <!---->
              <div class="w-100 h-y-container h-column__content h-column__v-align flex-basis-100 align-self-lg-start align-self-md-start align-self-start">
                <!---->
                <div data-colibri-id="2254-c9" class="h-global-transition-all h-heading style-1952 style-local-2254-c9 position-relative h-element">
                  <!---->
                  <div class="h-heading__outer style-1952 style-local-2254-c9">
                    <!---->
                    <!---->
                    <h4 class="">Ruínas da Igreja de São José do Queimado</h4>
                  </div>
                </div>
              </div>
            </div>
          </div>
        </div>
      </div>
      <div data-colibri-id="2254-c10" class="h-row-container gutters-row-lg-1 gutters-row-md-1 gutters-row-0 gutters-row-v-lg-1 gutters-row-v-md-1 gutters-row-v-1 style-1956 style-local-2254-c10 position-relative">
        <!---->
        <div class="h-row justify-content-lg-center justify-content-md-center justify-content-center align-items-lg-stretch align-items-md-stretch align-items-stretch gutters-col-lg-1 gutters-col-md-1 gutters-col-0 gutters-col-v-lg-1 gutters-col-v-md-1 gutters-col-v-1">
          <!---->
          <div class="h-column h-column-container d-flex h-col-lg-auto h-col-md-auto h-col-auto style-1957-outer style-local-2254-c11-outer">
            <div data-colibri-id="2254-c11" class="d-flex h-flex-basis h-column__inner h-px-lg-1 h-px-md-1 h-px-1 v-inner-lg-1 v-inner-md-1 v-inner-1 style-1957 style-local-2254-c11 position-relative">
              <!---->
              <!---->
              <div class="w-100 h-y-container h-column__content h-column__v-align flex-basis-100 align-self-lg-start align-self-md-start align-self-start">
                <!---->
                <div data-colibri-id="2254-c12" class="h-text h-text-component style-1955 style-local-2254-c12 position-relative h-element">
                  <!---->
                  <!---->
                  <div class="">
                    <p>Localizado no Sítio Histórico São José do Queimado, em Serra Sede</p>
                    <p>&nbsp;(27) 3636 7120</p>
                    <p>Horário:&nbsp;terça a sexta-feira das 7h às 19h, sábado das 7h40 às 18h50 e domingo das 8h às 18h30</p>
                  </div>
                </div>
              </div>
            </div>
          </div>
        </div>
      </div>
    </div>
  </div>
</div>

<p>Serra Ruínas da Igreja de São José do Queimado Localizado no Sítio Histórico São José do Queimado, em Serra Sede &nbsp;(27) 3636 7120 Horário:&nbsp;terça a sexta-feira das 7h às 19h, [&hellip;]</p>
