{"id":1868,"date":"2024-08-27T13:53:03","date_gmt":"2024-08-27T13:53:03","guid":{"rendered":"https:\/\/ancib.org\/sites\/enancib2024\/?post_type=tribe_events&#038;p=1868"},"modified":"2024-10-31T14:26:31","modified_gmt":"2024-10-31T14:26:31","slug":"eventos-pos-enancib","status":"publish","type":"tribe_events","link":"https:\/\/ancib.org\/sites\/enancib2024\/index.php\/programacao\/eventos-pos-enancib\/","title":{"rendered":"Eventos P\u00f3s-Enancib"},"content":{"rendered":"<p>Curso de Curta Dura\u00e7\u00e3o<\/p>\n<p><strong>Modelagem para gest\u00e3o de grupos de pesquisa: princ\u00edpios para organiza\u00e7\u00e3o de coletivos acad\u00eamico-cient\u00edficos<\/strong><\/p>\n<p><a href=\"http:\/\/lattes.cnpq.br\/1783747582273202\" target=\"_blank\" rel=\"noopener\">Graciane Silva Bruzinga Borges<\/a>, Instituto Brasileiro de Informa\u00e7\u00e3o em Ci\u00eancia e Tecnologia (IBICT)<\/p>\n<p>Hor\u00e1rio: 9h as 12h<\/p>\n<p>Local: Sala 109\/ EDIFICIO I\/CCJE<\/p>\n<p>Evento Gratuito<\/p>\n<p>Inscreva-se: <u><a href=\"https:\/\/forms.gle\/AinWRPRM7LHWiv477\" target=\"_blank\" rel=\"noopener\">https:\/\/forms.gle\/AinWRPRM7LHWiv477<\/a><\/u><\/p>\n<p>&nbsp;<\/p>\n<p>&nbsp;<\/p>\n<p>Curso de Curta Dura\u00e7\u00e3o<\/p>\n<p><strong>Acessibilidade e inclus\u00e3o na p\u00f3s-gradua\u00e7\u00e3o: das assimetrias \u00e0 redu\u00e7\u00e3o das desigualdades entre acesso, perman\u00eancia e titula\u00e7\u00e3o<\/strong><\/p>\n<p><a href=\"http:\/\/lattes.cnpq.br\/6027868789058693\" target=\"_blank\" rel=\"noopener\">Fernanda do Valle Galv\u00e3o Debetto<\/a>, Instituto Brasileiro de Informa\u00e7\u00e3o em Ci\u00eancia e Tecnologia (IBICT)<\/p>\n<p><a href=\"http:\/\/lattes.cnpq.br\/9849387128840881\" target=\"_blank\" rel=\"noopener\">Mayara Oliveira Silva Gon\u00e7alves<\/a>, Instituto Brasileiro de Informa\u00e7\u00e3o em Ci\u00eancia e Tecnologia (IBICT)<\/p>\n<p>Hor\u00e1rio: 9h as 12h<\/p>\n<p>Local: Sala 108\/ EDIFICIO I\/CCJE<\/p>\n<p>Evento Gratuito<\/p>\n<p>Inscreva-se: <u><a href=\"https:\/\/forms.gle\/igVNzmWzUfyCcboS6\" target=\"_blank\" rel=\"noopener\">https:\/\/forms.gle\/igVNzmWzUfyCcboS6<\/a><\/u><\/p>\n<p>&nbsp;<\/p>\n<p>&nbsp;<\/p>\n<p>Curso de Curta Dura\u00e7\u00e3o<\/p>\n<p><strong>Sucupira descomplicada: gest\u00e3o de dados e governan\u00e7a da pr\u00f3-gradua\u00e7\u00e3o <em>stricto sensu<\/em> no Brasil<\/strong><\/p>\n<p><a href=\"http:\/\/lattes.cnpq.br\/6143079905555041\" target=\"_blank\" rel=\"noopener\">Gustavo Silva Saldanha<\/a>, Instituto Brasileiro de Informa\u00e7\u00e3o em Ci\u00eancia e Tecnologia (IBICT)<\/p>\n<p>Hor\u00e1rio: 9h as 12h<\/p>\n<p>Local: Sala 106\/ EDIFICIO I\/CCJE<\/p>\n<p>Evento Gratuito<\/p>\n<p>Inscreva-se:<u> <a href=\"https:\/\/forms.gle\/QHHV5B8f9CvCqvhT7\" target=\"_blank\" rel=\"noopener\">https:\/\/forms.gle\/QHHV5B8f9CvCqvhT7<\/a><\/u><\/p>\n<p>&nbsp;<\/p>\n<p>&nbsp;<\/p>\n<p>Curso de Curta Dura\u00e7\u00e3o<\/p>\n<p><strong>I Simp\u00f3sio da Rede de Estudos em Ci\u00eancia da Informa\u00e7\u00e3o sobre desinforma\u00e7\u00e3o<\/strong><\/p>\n<p><a href=\"http:\/\/lattes.cnpq.br\/9393190768810116\" target=\"_blank\" rel=\"noopener\">Gabriela Belmont de Farias<\/a>, Universidade Federal do Cear\u00e1 (UFC)<\/p>\n<p>Hor\u00e1rio: 9h as 12h<\/p>\n<p>Local: Sala 107\/ EDIFICIO I\/CCJE<\/p>\n<p>Evento Gratuito<\/p>\n<p>Inscreva-se: <u><a href=\"https:\/\/forms.gle\/bDsqTEvZadE34uCz9\" target=\"_blank\" rel=\"noopener\">https:\/\/forms.gle\/bDsqTEvZadE34uCz9<\/a><\/u><\/p>\n","protected":false},"excerpt":{"rendered":"<p>Curso de Curta Dura\u00e7\u00e3o Modelagem para gest\u00e3o de grupos de pesquisa: princ\u00edpios para organiza\u00e7\u00e3o de coletivos acad\u00eamico-cient\u00edficos Graciane Silva Bruzinga Borges, Instituto Brasileiro de Informa\u00e7\u00e3o em Ci\u00eancia e Tecnologia (IBICT) [&hellip;]<\/p>\n","protected":false},"author":2,"featured_media":0,"comment_status":"closed","ping_status":"closed","template":"","meta":{"_tribe_events_status":"","_tribe_events_status_reason":"","footnotes":""},"tags":[],"tribe_events_cat":[],"class_list":["post-1868","tribe_events","type-tribe_events","status-publish","hentry"],"_links":{"self":[{"href":"https:\/\/ancib.org\/sites\/enancib2024\/index.php\/wp-json\/wp\/v2\/tribe_events\/1868","targetHints":{"allow":["GET"]}}],"collection":[{"href":"https:\/\/ancib.org\/sites\/enancib2024\/index.php\/wp-json\/wp\/v2\/tribe_events"}],"about":[{"href":"https:\/\/ancib.org\/sites\/enancib2024\/index.php\/wp-json\/wp\/v2\/types\/tribe_events"}],"author":[{"embeddable":true,"href":"https:\/\/ancib.org\/sites\/enancib2024\/index.php\/wp-json\/wp\/v2\/users\/2"}],"replies":[{"embeddable":true,"href":"https:\/\/ancib.org\/sites\/enancib2024\/index.php\/wp-json\/wp\/v2\/comments?post=1868"}],"version-history":[{"count":5,"href":"https:\/\/ancib.org\/sites\/enancib2024\/index.php\/wp-json\/wp\/v2\/tribe_events\/1868\/revisions"}],"predecessor-version":[{"id":3024,"href":"https:\/\/ancib.org\/sites\/enancib2024\/index.php\/wp-json\/wp\/v2\/tribe_events\/1868\/revisions\/3024"}],"wp:attachment":[{"href":"https:\/\/ancib.org\/sites\/enancib2024\/index.php\/wp-json\/wp\/v2\/media?parent=1868"}],"wp:term":[{"taxonomy":"post_tag","embeddable":true,"href":"https:\/\/ancib.org\/sites\/enancib2024\/index.php\/wp-json\/wp\/v2\/tags?post=1868"},{"taxonomy":"tribe_events_cat","embeddable":true,"href":"https:\/\/ancib.org\/sites\/enancib2024\/index.php\/wp-json\/wp\/v2\/tribe_events_cat?post=1868"}],"curies":[{"name":"wp","href":"https:\/\/api.w.org\/{rel}","templated":true}]}}

Eventos Pós-Enancib

<p>Curso de Curta Duração</p>
<p><strong>Modelagem para gestão de grupos de pesquisa: princípios para organização de coletivos acadêmico-científicos</strong></p>
<p><a href="http://lattes.cnpq.br/1783747582273202" target="_blank" rel="noopener">Graciane Silva Bruzinga Borges</a>, Instituto Brasileiro de Informação em Ciência e Tecnologia (IBICT)</p>
<p>Horário: 9h as 12h</p>
<p>Local: Sala 109/ EDIFICIO I/CCJE</p>
<p>Evento Gratuito</p>
<p>Inscreva-se: <u><a href="https://forms.gle/AinWRPRM7LHWiv477" target="_blank" rel="noopener">https://forms.gle/AinWRPRM7LHWiv477</a></u></p>
<p>&nbsp;</p>
<p>&nbsp;</p>
<p>Curso de Curta Duração</p>
<p><strong>Acessibilidade e inclusão na pós-graduação: das assimetrias à redução das desigualdades entre acesso, permanência e titulação</strong></p>
<p><a href="http://lattes.cnpq.br/6027868789058693" target="_blank" rel="noopener">Fernanda do Valle Galvão Debetto</a>, Instituto Brasileiro de Informação em Ciência e Tecnologia (IBICT)</p>
<p><a href="http://lattes.cnpq.br/9849387128840881" target="_blank" rel="noopener">Mayara Oliveira Silva Gonçalves</a>, Instituto Brasileiro de Informação em Ciência e Tecnologia (IBICT)</p>
<p>Horário: 9h as 12h</p>
<p>Local: Sala 108/ EDIFICIO I/CCJE</p>
<p>Evento Gratuito</p>
<p>Inscreva-se: <u><a href="https://forms.gle/igVNzmWzUfyCcboS6" target="_blank" rel="noopener">https://forms.gle/igVNzmWzUfyCcboS6</a></u></p>
<p>&nbsp;</p>
<p>&nbsp;</p>
<p>Curso de Curta Duração</p>
<p><strong>Sucupira descomplicada: gestão de dados e governança da pró-graduação <em>stricto sensu</em> no Brasil</strong></p>
<p><a href="http://lattes.cnpq.br/6143079905555041" target="_blank" rel="noopener">Gustavo Silva Saldanha</a>, Instituto Brasileiro de Informação em Ciência e Tecnologia (IBICT)</p>
<p>Horário: 9h as 12h</p>
<p>Local: Sala 106/ EDIFICIO I/CCJE</p>
<p>Evento Gratuito</p>
<p>Inscreva-se:<u> <a href="https://forms.gle/QHHV5B8f9CvCqvhT7" target="_blank" rel="noopener">https://forms.gle/QHHV5B8f9CvCqvhT7</a></u></p>
<p>&nbsp;</p>
<p>&nbsp;</p>
<p>Curso de Curta Duração</p>
<p><strong>I Simpósio da Rede de Estudos em Ciência da Informação sobre desinformação</strong></p>
<p><a href="http://lattes.cnpq.br/9393190768810116" target="_blank" rel="noopener">Gabriela Belmont de Farias</a>, Universidade Federal do Ceará (UFC)</p>
<p>Horário: 9h as 12h</p>
<p>Local: Sala 107/ EDIFICIO I/CCJE</p>
<p>Evento Gratuito</p>
<p>Inscreva-se: <u><a href="https://forms.gle/bDsqTEvZadE34uCz9" target="_blank" rel="noopener">https://forms.gle/bDsqTEvZadE34uCz9</a></u></p>

<p>Curso de Curta Duração Modelagem para gestão de grupos de pesquisa: princípios para organização de coletivos acadêmico-científicos Graciane Silva Bruzinga Borges, Instituto Brasileiro de Informação em Ciência e Tecnologia (IBICT) [&hellip;]</p>
